
Is 2902181141 a composite number?
True
Is 50055139891 a composite number?
False
Is 67289419871 composite?
False
Is 338629147 composite?
True
Is 552804097 prime?
True
Is 13691386493 prime?
True
Is 32850796939 prime?
True
Is 269495159 composite?
False
Is 88702261607 prime?
False
Is 8562620047 a composite number?
True
Is 745938433 prime?
False
Is 6750170701 a composite number?
True
Is 11851516393 a composite number?
False
Is 11633955503 composite?
False
Is 110121862751 prime?
True
Is 3140414429 a composite number?
True
Is 66548287802 a prime number?
False
Is 11439864547 composite?
True
Is 275615099 a composite number?
True
Is 34363661 a composite number?
False
Is 25328331013 prime?
True
Is 3166350899 prime?
True
Is 10944822689 composite?
True
Is 2045854597 prime?
False
Is 2491575113 prime?
True
Is 714128713 prime?
True
Is 1515265223 a prime number?
True
Is 19786508881 a prime number?
True
Is 3873474527 composite?
True
Is 10332949 a composite number?
True
Is 10141374799 a prime number?
True
Is 85639308731 a composite number?
False
Is 3903280341 a composite number?
True
Is 3886285133 composite?
False
Is 9149538583 composite?
True
Is 72019771 prime?
False
Is 83671697 a prime number?
False
Is 7447532093 composite?
False
Is 30633246359 prime?
False
Is 9848667835 a prime number?
False
Is 70549611115 a composite number?
True
Is 8743545579 prime?
False
Is 161461900939 a prime number?
False
Is 1971608361 prime?
False
Is 175823653 a prime number?
False
Is 3934616117 a composite number?
True
Is 53251609 a composite number?
True
Is 214822589 prime?
True
Is 824590337 prime?
True
Is 2412768499 a prime number?
True
Is 10928858639 prime?
False
Is 144812411 composite?
False
Is 46985150809 a prime number?
True
Is 2077414879 composite?
False
Is 1940724039 a composite number?
True
Is 22857379241 prime?
False
Is 75918177259 a composite number?
True
Is 2901430319 a prime number?
True
Is 1032077987 composite?
False
Is 7277405053 composite?
False
Is 659471966 a composite number?
True
Is 92607158881 composite?
False
Is 5535913199 a prime number?
True
Is 1079932199 prime?
True
Is 1287591751 prime?
False
Is 8514748915 prime?
False
Is 573112896307 a composite number?
True
Is 1174295653 a composite number?
False
Is 5692955329 a prime number?
False
Is 431639171 a prime number?
False
Is 4155087577 prime?
True
Is 102079051771 a composite number?
False
Is 5264607041 a composite number?
False
Is 82037311 a composite number?
True
Is 12947390561 composite?
True
Is 9953019253 a prime number?
False
Is 6920205169 a prime number?
False
Is 300699353 a prime number?
True
Is 16176034201 prime?
True
Is 3092831881 a prime number?
False
Is 18188189 a composite number?
False
Is 24631489277 prime?
False
Is 4317504613 composite?
False
Is 369734921 a composite number?
True
Is 646243 composite?
True
Is 64967199457 a composite number?
True
Is 968582479 a prime number?
False
Is 27817609 prime?
True
Is 24805928701 prime?
False
Is 98619421 a prime number?
False
Is 98621559653 a composite number?
True
Is 219077406215 a composite number?
True
Is 5426121089 a composite number?
False
Is 32786903381 a composite number?
True
Is 3120820487 composite?
True
Is 7842614957 a prime number?
False
Is 333027503 a prime number?
False
Is 1563786403 a prime number?
True
Is 15188772509 a composite number?
False
Is 178324603 a prime number?
False
Is 1855526 composite?
True
Is 783284267 composite?
False
Is 1500186563 a composite number?
False
Is 4207844639 composite?
True
Is 1266926849 prime?
False
Is 1859937973 prime?
True
Is 9909545863 prime?
False
Is 5012056429 prime?
True
Is 1226338669 composite?
False
Is 6477170363 a prime number?
False
Is 57680827571 composite?
True
Is 2114679407 composite?
True
Is 14150366717 a prime number?
False
Is 38431773103 composite?
False
Is 305870957 composite?
True
Is 732285718 a prime number?
False
Is 157475280307 a composite number?
False
Is 2248283599 a composite number?
True
Is 19618535737 a prime number?
True
Is 57944587759 composite?
True
Is 62518273 a composite number?
True
Is 20186193829 composite?
False
Is 8593457 composite?
True
Is 2261856931 a prime number?
False
Is 14702943421 prime?
False
Is 4242654599 prime?
False
Is 955221019 a prime number?
False
Is 255262330195 prime?
False
Is 12445722517 prime?
True
Is 1112893703 prime?
False
Is 651383119 prime?
True
Is 3462253877 composite?
True
Is 10591019 prime?
True
Is 2154967879 prime?
True
Is 284128847 prime?
True
Is 28993049999 prime?
True
Is 24671286539 a composite number?
True
Is 304603321 prime?
False
Is 173449503833 a composite number?
False
Is 286758253 a composite number?
True
Is 1214251463 composite?
False
Is 255777493 a prime number?
False
Is 956986087 a prime number?
True
Is 1424282837 composite?
False
Is 4323985651 a composite number?
True
Is 252282559 composite?
False
Is 256798243313 a prime number?
True
Is 388747207 prime?
False
Is 8618216627 a composite number?
False
Is 1069153391 prime?
True
Is 5263899539 a composite number?
True
Is 12731023285 prime?
False
Is 850481339 a prime number?
True
Is 221341927 a composite number?
True
Is 32842502431 a prime number?
True
Is 101130836089 prime?
True
Is 48551947 a prime number?
True
Is 88489549 composite?
False
Is 1573356011 composite?
False
Is 492147217234 a prime number?
False
Is 1099497043 prime?
True
Is 132813427 a composite number?
False
Is 196368455791 a prime number?
False
Is 380731969 composite?
True
Is 16209595111 composite?
False
Is 1263205331 a prime number?
False
Is 143997969353 a prime number?
False
Is 17337201883 composite?
False
Is 92724333547 a composite number?
False
Is 12406056583 composite?
False
Is 93461867 composite?
True
Is 2701866983 a prime number?
False
Is 1580530079 a composite number?
False
Is 322614869 a prime number?
False
Is 7284330929 prime?
True
Is 13993161563 a prime number?
True
Is 1308597691 composite?
False
Is 3289846811 a composite number?
False
Is 144017941 composite?
False
Is 120164407939 a prime number?
True
Is 2203153787 composite?
True
Is 516466523 a composite number?
True
Is 2567079239 prime?
False
Is 2052181903 composite?
True
Is 1795000217 prime?
True
Is 2338593043 a composite number?
False
Is 24045312841 composite?
True
Is 576421162 prime?
False
Is 165638359 a prime number?
False
Is 50608757545 composite?
True
Is 424525097 a composite number?
True
Is 695542643 a prime number?
True
Is 166774861343 composite?
False
Is 7041527237 prime?
False
Is 306286203 a composite number?
True
Is 378212279 composite?
True
Is 19360287091 prime?
False
Is 30097923113 composite?
True
Is 52708356373 a composite number?
True
Is 1002602929 a prime number?
False
Is 443518651 a composite number?
True
Is 101858083 prime?
True
Is 5303363617 prime?
False
Is 24438871 a composite number?
False
Is 5785512881 a prime number?
False
Is 7199014831 a prime number?
True
Is 1479362821 composite?
False
Is 1925271757 composite?
False
Is 158837417 a prime number?
False
Is 1672059979 composite?
False
Is 292621447 composite?
False
Is 35749304723 prime?
False
Is 873507377 a prime number?
True
Is 18096054971 composite?
False
Is 2682114599 a prime number?
False
Is 18439021 a composite number?
True
Is 1856662703 composite?
True
Is 1585085609 prime?
True
Is 14197446089 a prime number?
True
Is 7382074589 a prime number?
True
Is 3567080287 prime?
True
Is 1137855463 a composite number?
True
Is 195200627 a prime number?
False
Is 1380575653 composite?
True
Is 202957262 composite?
True
Is 9451777 a composite number?
True
Is 530052307 a composite number?
False
Is 70844694187 a prime number?
True
Is 1554646981 prime?
False
Is 29011703419 prime?
True
Is 10635952703 a composite number?
False
Is 1411828843 a prime number?
True
Is 8832801689 a composite number?
True
Is 883278623 a composite number?
False
Is 116317902709 composite?
False
Is 67314707 composite?
False
Is 8181141565 a prime number?
False
Is 12580727987 a composite number?
False
Is 32772758387 prime?
False
Is 179662831 prime?
False
Is 732456119 a prime number?
True
Is 4273649533 a composite number?
True
Is 71895653 composite?
False
Is 11766137627 a composite number?
True
Is 11837455687 prime?
True
Is 121134995395 prime?
False
Is 757483 a composite number?
True
Is 21712027747 composite?
False
Is 59813996587 prime?
False
Is 2